 5, what is -10301 - 10?
-10311
In base 6, what is 211 - 31?
140
In base 10, what is -165 + 2?
-163
In base 4, what is 10 + 230?
300
In base 16, what is -4 - 1b1?
-1b5
In base 3, what is -1 + -12212?
-12220
In base 8, what is 26204 + -5?
26177
In base 9, what is -363 + 3?
-360
In base 3, what is 10 + -102001110?
-102001100
In base 5, what is -31 + 131?
100
In base 12, what is -46 + 0?
-46
In base 12, what is -3 - 38?
-3b
In base 11, what is 3202 - -2?
3204
In base 16, what is -5 - 4f?
-54
In base 8, what is 66 + -140?
-52
In base 2, what is 1010101 - 11?
1010010
In base 4, what is -2 - 203?
-211
In base 10, what is 13 - 6?
7
In base 7, what is 65 + 123?
221
In base 15, what is -37 + -4b?
-83
In base 2, what is 0 + -1010000011?
-1010000011
In base 7, what is 26 + -14?
12
In base 10, what is 2 + 12?
14
In base 10, what is 11 - 451?
-440
In base 13, what is -1 + -98?
-99
In base 10, what is -3 + 747?
744
In base 11, what is -2783 - -4?
-277a
In base 15, what is 2 - -3d?
40
In base 7, what is -61 - -46?
-12
In base 3, what is -2 + -1101122?
-1101201
In base 16, what is 858 + 1?
859
In base 4, what is 20 - 10?
10
In base 4, what is -2032 + -3?
-2101
In base 2, what is 11 + 10000?
10011
In base 2, what is -101 - 100010110?
-100011011
In base 14, what is 2 + -4c?
-4a
In base 13, what is 903a + 2?
903c
In base 8, what is 5 + -20?
-13
In base 7, what is 11664 + 2?
11666
In base 2, what is 111000 + -10?
110110
In base 4, what is 12213 + 0?
12213
In base 13, what is -42c - 26?
-455
In base 11, what is -1 - -67?
66
In base 8, what is -76 + 4?
-72
In base 7, what is -45 - 13?
-61
In base 3, what is -1 - -1101?
1100
In base 12, what is 8 - 0?
8
In base 11, what is 4205 - 5?
4200
In base 11, what is -27 + -6?
-32
In base 12, what is -27ab + -4?
-27b3
In base 6, what is 215 - 5?
210
In base 14, what is -2cc + 0?
-2cc
In base 5, what is 11021 + -3?
11013
In base 7, what is 51204 + -3?
51201
In base 13, what is 2a4 + -4?
2a0
In base 9, what is 2 + 35?
37
In base 10, what is -51533 + 3?
-51530
In base 2, what is -10011 - 10?
-10101
In base 12, what is -192 + 0?
-192
In base 9, what is -24 + 0?
-24
In base 2, what is 101111 - 1010?
100101
In base 4, what is 2 + -131?
-123
In base 14, what is -3 - a07?
-a0a
In base 11, what is 450 + 1?
451
In base 9, what is 52 - -5?
57
In base 10, what is -27 - -110?
83
In base 7, what is 145 - 0?
145
In base 5, what is 330 + 13?
343
In base 5, what is -1 - 1201?
-1202
In base 4, what is -3230 - 1?
-3231
In base 12, what is 4 + 48?
50
In base 3, what is 20 + 111110?
111200
In base 4, what is 202 + 22131?
22333
In base 9, what is 1672 + -1?
1671
In base 14, what is 106 + -2?
104
In base 12, what is 133 - 12?
121
In base 14, what is 1bd + 2?
1c1
In base 15, what is 2 - 2b?
-29
In base 10, what is 4817 + -2?
4815
In base 14, what is 0 + -4?
-4
In base 12, what is -2351 - 2?
-2353
In base 4, what is -1 - -131030?
131023
In base 12, what is 4 - 67?
-63
In base 9, what is 44172 + 1?
44173
In base 2, what is 11001 - 1010?
1111
In base 10, what is 488 + -21?
467
In base 10, what is -24 - -8?
-16
In base 5, what is -10 + -22142?
-22202
In base 9, what is -658 + -2?
-661
In base 10, what is -372 + -14?
-386
In base 15, what is 124 - -2?
126
In base 4, what is 1130 - -2321?
10111
In base 6, what is 15 + 254?
313
In base 10, what is 4 - -181?
185
In base 12, what is -3 + -14a4?
-14a7
In base 12, what is 6 - -18?
22
In base 16, what is 6d + 4?
71
In base 13, what is 185b - 4?
1857
In base 15, what is 7 + 42?
49
In base 8, what is 1 - 50?
-47
In base 13, what is -46b - -3?
-468
In base 5, what is -3 + 0?
-3
In base 6, what is 233 + 4?
241
In base 9, what is -73 - 2?
-75
In base 12, what is -3 + 33a?
337
In base 5, what is -4230 + 0?
-4230
In base 5, what is -3 - -10133?
10130
In base 13, what is -123 + -b?
-131
In base 9, what is 428 + -3?
425
In base 10, what is 112 + 59?
171
In base 13, what is 60a6 + -3?
60a3
In base 15, what is -3 - 334?
-337
In base 5, what is 224 - 1113?
-334
In base 12, what is 52 - 40?
12
In base 3, what is 100 - 1120000?
-1112200
In base 8, what is 5 - -14?
21
In base 3, what is 2102 + -11?
2021
In base 3, what is 212 + 10001?
10220
In base 13, what is -b0 - -1?
-ac
In base 6, what is 231234 - -4?
231242
In base 13, what is 1a5 - 15?
190
In base 7, what is -205 + -2?
-210
In base 7, what is 5 - -15142?
15150
In base 8, what is 34 + 520?
554
In base 12, what is -47aa - -1?
-47a9
In base 7, what is 2 - -11?
13
In base 4, what is 2 - -32002?
32010
In base 6, what is -4 - -23?
15
In base 8, what is -2241 - -1?
-2240
In base 15, what is 5dc - 12?
5ca
In base 14, what is -16 + 1b?
5
In base 15, what is -54 - -11?
-43
In base 12, what is 5b - -8?
67
In base 10, what is 0 + 145?
145
In base 10, what is -1 - 44?
-45
In base 14, what is -18 + 0?
-18
In base 7, what is -133 + -2?
-135
In base 10, what is 38 - -784?
822
In base 5, what is 2 + -1?
1
In base 7, what is 3 - -135?
141
In base 6, what is -142 - -1104?
522
In base 7, what is 61 - 2?
56
In base 8, what is -16550 - -5?
-16543
In base 10, what is -18 - -6?
-12
In base 15, what is -2b - 0?
-2b
In base 15, what is -7db1 + -4?
-7db5
In base 13, what is 11b + 3?
121
In base 12, what is -25 - 39?
-62
In base 16, what is -2ce + -3?
-2d1
In base 5, what is -1031 - -3?
-1023
In base 7, what is -2016 - 10?
-2026
In base 8, what is 12067 + 3?
12072
In base 5, what is 340 - 11?
324
In base 14, what is -4 + 41d?
419
In base 6, what is 4 - 3?
1
In base 10, what is 29 - 0?
29
In base 8, what is 56 - 77?
-21
In base 16, what is -4 - 2f?
-33
In base 4, what is 10 - -1213?
1223
In base 4, what is 2123230 - 2?
2123222
In base 2, what is 1011111 - -100?
1100011
In base 7, what is -30 - -2?
-25
In base 10, what is -1989 - -3?
-1986
In base 2, what is -100 + -10101011?
-10101111
In base 6, what is 1000 - -5?
1005
In base 13, what is -632 - 2?
-634
In base 5, what is 222104 - -2?
222111
In base 11, what is 429 + -2?
427
In base 16, what is 2 + -14?
-12
In base 3, what is 0 + 2001020?
2001020
In base 2, what is -1000011000 + -11?
-1000011011
In base 15, what is 2ec - -3?
300
In base 5, what is -304 + -10?
-314
In base 10, what is 16 - -47?
63
In base 9, what is 2414 + -6?
2407
In base 16, what is 1 + 217?
218
In base 3, what is 2101112 - 0?
2101112
In base 6, what is -5 + 131?
122
In base 12, what is 3 - 22?
-1b
In base 2, what is 100001100 + 111?
100010011
In base 14, what is -345 + 4?
-341
In base 10, what is -115 - 8?
-123
In base 6, what is -1301 + -154?
-1455
In base 2, what is -111010011 - -10?
-111010001
In base 10, what is -1 + 680?
679
In base 13, what is -35 + 3a?
5
In base 14, what is 2ab - -2?
2ad
In base 7, what is -2 + 212?
210
In base 6, what is -3 + -141?
-144
In base 4, what is 3 + -30122?
-30113
In base 6, what is 5 + -3343?
-3334
In base 13, what is -3 - -50?
4a
In base 3, what is -220112 - -2?
-220110
In base 11, what is -15a - 17?
-176
In base 13, what is 15 + 22?
37
In base 15, what is -2 + 3d?
3b
In base 9, what is 135 + -86?
38
In base 3, what is -110200 + -1?
-110201
In base 16, what is -3 + 3e?
3b
In base 13, what is 1 - 2658?
-2657
In base 4, what is -211 + 1302?
1031
In base 14, what is -c182 + -5?
-c187
In base 5, what is -2 + 1211?
1204
In base 8, what is 7 + 2?
11
In base 15, what is 3 - 13a?
-137
In base 7, what is -15 + 16?
1
In base 12, what is -3 - -420?
419
In base 9, what is 351 + 0?
351
In base 12, what is -6 + 523?
519
In base 10, what is 4 - -2865?
2869
In base 10, what is -99 + -1?
-100
In base 11, what is 2 - -243?
245
In base 10, what is 460 + 2?
462
In base 2, what is -10 + 11101101001?
11101100111
In base 14, what is 69 - -42?
ab
In base 12, what is -38 + -28a?
-306
In base 6, what is -5 - 43111?
-43120
In base 3, what is 1 + -1002?
-1001
In base 7, what is -25 + 16?
-6
In base 12, what is 68 - -48?
b4
In base 13, what is -10 - 26?
-36
In base 6, what is 320 - -1?
321
In base 2, what is 110101000010101 + 10?
110101000010111
In base 8, what is 154 - 3?
151
In base 7, what is 10 - -113?
123
In base 12, what is -3 + -42?
-45
In base 12, what is -a + 2a?
20
In base 16, what is 3df + 4?
3e3
In base 15, what is -8c3 + 0?
-8c3
In base 10, what is -577 + 1?
-576
In base 11, what is -3971 + 4?
-3968
In base 11, what is -4 + 1?
-3
In base 9, what is 4 - 4